35 + 55 + -22)).
-31
(0 - 3 - -4) + 8 - ((52 - 146) + 105)
-2
Calculate (123 - 100) + -4 + -13 + (-13 - -1) + 3.
-3
Evaluate -16 - (-10 - -5) - (8 + 0 + 0) - 6.
-25
What is the value of 19 + 69 + 2 + (-376 - -403)?
117
Evaluate -143 + 14 - (5 + -38).
-96
Evaluate (71 - 33) + 34 + -4 - 2.
66
-401 + 427 + (28 - 0) - 11
43
What is (9 - (-2 + -1 + (-4 - 45))) + (12 - 20)?
53
Evaluate -4 - (-114 - (-161 - -42)).
-9
11 + 1 - (-66 - (33 + -6 + -160))
-55
What is the value of (39 - (68 + 2)) + 48?
17
What is (-14 - -3) + 41 + (0 - 18)?
12
Evaluate -77 + 3 - ((7 - 62) + 40).
-59
Evaluate 15 - ((21 - 24) + -13 + 27 + 6).
-2
Evaluate -14 - (-25 + 72 + -21) - -51.
11
Calculate 389 + -552 - (-9 + -4).
-150
(-100 - 42 - -165) + (-17 - (-2 + 1))
7
What is 4 + 1 + 5 + -32 + (2 - -21) + 37?
38
Evaluate -1 + -37 - (-14 - (98 - 126)).
-52
-31 + 31 + -31 + -20
-51
Calculate 2851 + -2732 + (-1 - (30 + 1)).
87
Evaluate 2 + 0 + (55 + -98 - -5) + 35.
-1
-2 - (2 + 1) - (-136 - -129) - -17
19
What is the value of 11 + (0 + 35 + -12 - 13 - 2)?
19
What is the value of 11 + 0 - (24 - (1 + -4 + 50))?
34
Evaluate -16 + -6 - -5 - 15 - -15.
-17
Calculate (9 - -2) + -40 + 33 + (-15 - -2) + -2.
-11
What is 5 - (1 + -2 + 1) - (-1 + 0 + 56)?
-50
What is (-7 - (-2 - (-8 + -15))) + (1 - 1) + -6?
-34
Calculate -3 + 32 + -40 + -114.
-125
What is 36 + (-57 - (-28 + 28))?
-21
What is -128 + 137 + 43 + -27?
25
What is the value of -22 + 9 + (69 - -69) + -84?
41
What is the value of (0 - 2) + -1 + -1 + 55 + -38?
13
(-1 - 4) + -4 - (1250 - 1281)
22
Calculate 47 - ((33 - 16) + -5 - 32).
67
2 + 26 - (-122 - (-159 - -55))
46
Calculate 12 - 0 - (1359 + -1318).
-29
What is the value of -3 + 3 - 9 - (-4 + 3 + 0 + 31)?
-39
(-4 - (-8 - 0) - 17) + (1 - -17)
5
Calculate (197 - 161) + (-10 - 100).
-74
Evaluate 61 - (-33 - (-112 + 51)).
33
Calculate 24 + -7 - -38 - (-5 + 5 + 4) - -7.
58
-11 + (-3 - -78) - 112
-48
Evaluate 25 - (16 + (-32 + 13 - -22)).
6
Calculate ((-91 - 2) + 1 - (-14 + 8)) + -38 + 47.
-77
(-48 - (-13 - 49)) + 21
35
Evaluate (47 - (22 - -31)) + (-4 - 3 - (-3 + 0)).
-10
Calculate 45 + (5 - 9 - -13) + (-2 - -1).
53
-39 + 46 + -26 + 21
2
-122 + 75 - (-1 + 17) - -11 - -7
-45
Calculate 89 + 47 + -84 - 33.
19
Calculate -1 - ((-8 + -25 - -49) + -72).
55
What is the value of -91 + 45 + 58 + -7 + -1 + 10?
14
Evaluate 19 + 15 + -9 + 3 + -16.
12
Calculate (-110 - -53) + 23 - -63.
29
What is -10 - (-8 - 0 - (151 - 163) - (-1 + 0))?
-15
Calculate -32 - 0 - ((-22 - (11 - 23)) + 13) - 2.
-37
What is (-271 - -293) + 2 + (-3 - -7)?
28
-23 + 4 + -39 - (0 + -11)
-47
Calculate -11 + -38 - 1 - -36.
-14
What is the value of 166 - (-105 - (84 + -274))?
81
Calculate (20 - ((15 - 0) + -595 + 605)) + (-6 - 4).
-15
-82 + (-29 + 28 - -73) - (35 + -1)
-44
Calculate (5 + -9 + -14 - -2 - -11) + 17 + -11.
1
-74 + -73 + 133 + -6
-20
-278 + 46 + 57 + 2 + 2 + 22
-149
What is the value of 57 + -73 - (-45 - -39)?
-10
Calculate (1 - -47) + -229 + 137.
-44
What is the value of (-2 - -4 - (-24 - (-23 + -3))) + 24?
24
What is -47 + -19 - 5 - -36?
-35
(-4 - 6 - 41) + (25 - 5)
-31
What is (-24 + 65 + -16 - 26) + 102?
101
Calculate (0 - 4) + -2 + (-76 - -243) + -130.
31
Calculate 27 - (-103 + 11 - -54).
65
Calculate -44 + 72 + -61 + 44.
11
Evaluate 9 + -3 + -8 + (-94 + 99 - (-3 - -1)).
5
784 + -761 + (0 - 1 - (-10 + 179))
-147
Evaluate -628 + 616 + (-2 - 71).
-85
Evaluate (-1848 - -1788) + -4 + (-2 - -2) + -3.
-67
What is (57 - 82 - -35) + (-1 - 5) - (65 - -9)?
-70
Evaluate 16 - (-3 - (-6 + 5)) - -90 - 16.
92
Evaluate 159 + -208 + (2 + -5 - (-6 + 7)) + 11.
-42
What is the value of 23 + 2 + -25 - 9 - (-55 - (0 + 2))?
48
What is 36 + (0 - (-2 - -25)) + (2 - 97)?
-82
What is the value of (17 + 21 + -52 - -18) + (-2 - (21 + -1))?
-18
What is the value of -32 + 9 + 39 + -36 + -8?
-28
Evaluate 2 + (17 - 7) + -53 - 11.
-52
Calculate -96 + -2 + (532 - 482).
-48
Calculate (0 - (-11 + 19)) + 37 + -48.
-19
0 + 63 - (-432 + 601)
-106
Calculate 4 + (-155 + 158 - (0 - ((18 - 0) + -2))).
23
What is the value of 47 - (26 - 21) - 0?
42
-36 + (57 - 42) - -35 - 124
-110
12 - (12 + -18 - 8)
26
Evaluate 62 + -46 + 10 + -32 + -4.
-10
Calculate -8 + 86 - 53 - 94.
-69
-10 + -13 + (26 - 10) - 30 - (-12 + 2)
-27
What is -12 + -5 + (11 - (7 + -16)) - 28?
-25
Calculate -21 + (3 - 39) + (-4 - (2 + 0 + -4)).
-59
Calculate 5 - (-4 - (4 + (16 - 17) - 16)).
-4
Evaluate -3 - (-1 - (-2 - (-6 - -12)) - 3).
-7
What is the value of (24 - -22) + -34 + -6 + 3 + 31?
40
6996 + -6961 + (-3 + 0 - -62)
94
Evaluate (32 + -9 - -4) + 4 + (5 - 18).
18
-14 + (2 + -7 - (-13 + 6 + 11))
-23
Evaluate -3380 + 3379 - (-66 - -1).
64
Calculate 7 + (-66 - -63) - (1 + (2 - -2)).
-1
Evaluate 43 - 3 - (77 + -40).
3
What is 22 - (16 - -4) - -15?
17
Calculate -3 - -109 - ((4 - -2) + 7 - (-20 + 18)).
91
What is 15 + 38 - 82 - 13?
-42
62 - (-23 - (-32 + (14 - 33)))
34
What is (40 - (-47 - -20 - -61)) + 0 + (1 - -41)?
48
-7 - ((83 - -3) + (-16 - -13) + (0 - -3))
-93
Evaluate (14 - 2) + 50 - (24 - 5).
43
Calculate -15 - (-61 - (-3 - 35)) - (55 + 0).
-47
What is 18 + (75 - (-2 + 4)) + (1267 - 1250)?
108
What is the value of 16 + -44 + 25 - (15 - 4)?
-14
Evaluate (-68 + 4 - -61) + (-1 - 29).
-33
What is the value of -29 - (9 - (1 + 4 + -6 + 12)) - 11?
-38
What is the value of (-30 - (-202 - -25)) + -38 + (0 - 16)?
93
Evaluate (-51 - 7) + 3 + (-4 - -8) + -2 + 4.
-49
What is (31 - (43 + (17 - 2))) + 67?
40
Calculate (70 - 90 - (-13 + 4)) + (-6 - (-3 + -3)).
-11
What is the value of 302 - 298 - (5 + 4 + (-4 + 0 - -37))?
-38
What is the value of 22 + -146 + 90 - (18 + 0)?
-52
What is -15 - (-7 + 4) - (-23 - (-4 + -5))?
2
-56 - (-35 - 34) - (-34 + -1)
48
What is (-6 + 7 - (1 - (9 - 3))) + (1546 - 1463)?
89
What is the value of -76 + -1 + (-5 - 18) + 11 + 37 + -10?
-62
Calculate -73 + 29 + 10 + -21 - 20.
-75
Evaluate 73 - (51 + 224 + -113).
-89
What is 10 - -4 - ((-1 - (2 - 20)) + (1359 - 1239))?
-123
Calculate (-38 - (7 + -52)) + 23.
30
-1 - (94 + (-29 + 3 - -28))
-97
Evaluate 81 - (-11 - (9 + (-9 - 5) + -17) - 8).
78
Evaluate 3 + 110 + -148 + 98.
63
Evaluate 5 + (-4 - -6) + 0 - (58 + 7).
-58
What is (12 - 3) + -12 - 30 - ((9 - 11) + 3)?
-34
What is (28 - (29 - 37)) + 1 + -2 + 4?
39
Calculate 21 + -29 + 5 + -73 + -6.
-82
What is 18 + -22 + (31 - 0 - (33 - 28))?
22
What is the value of -103 + -9 + -33 + (-7 - -70)?
-82
What is the value of 2 + -19 - (34 + (-35 - 17) - -30)?
-29
Evaluate 10 + -13 + 18 + (41 - 3).
53
What is 105 + -284 + 189 + (1 + -1 - 2) + -24?
-16
What is 10 + -54 + 12 - (-27 + 29)?
-34
What is the value of -13 - (42 + -89 + 2)?
32
What is the value of (-20 - (-21 - 0) - -13) + -13?
1
What is the value of -11 + -5 + (-1061 - -1121)?
44
What is -7 - -60 - (395 - 248)?
-94
What is 3 - (-2 + (-5 - (4 + -5))) - 36?
-27
Evaluate 1228 + -1198 + -1 + 7 + 20.
56
Evaluate 19 + -5 + -78 + 121.
57
What is the value of -60 - (1 - 11 - (61 + -49 + (1 - 21)))?
-58
-33 - ((-4 - (-5 - -9)) + (17 - 10))
-32
What is ((-66 - -30) + 29 - (-85 + 1)) + -12?
65
What is the value of -10 - (-48 + 24 + 41) - -5?
-22
Evaluate -103 - (60 + -229 - -36).
30
What is -94 + 38 + (-41 - (-63 + 28))?
-62
Calculate 6 + 2 - (32 - (18 - 26) - -24).
-56
-3609 - -3661 - (-2 + 1 + -2)
55
Calculate -8 + -99 - (498 - 531).
-74
What is the value of -20 - (-2 + 0) - (2450 - 2469)?
1
Calculate (42 - (10 + 11) - 10) + -68.
-57
What is the value of -262 + 191 - (-7 - 6)?
-58
-68 + 45 + (13 + -18 - -27)
-1
Evaluate 14 - 4 - 2 - (-14 + (33 - 20) - 51).
60
Evaluate 111 + 4 + -10 - (6 - ((0 - 6) + 8)).
101
What is (6 - 3) + -138 + 103 + -94?
-126
Calculate -10 - (-22 - (-20 - -20 - 22)).
-10
Calculate -38 + 75 + -63 + -25.
-51
(206 - (119 - 32)) + -63
56
What is -4 - (42 - (-6 + 11 + 5)) - (2 - -8)?
-46
What is (82 + -2 - 0) + (67 - (35 + 14))?
98
What is the value of -7 + (27 - 0) + (7 - 68)?
-41
What is 27 + -111 + 189 + -152?
-47
Evaluate (43 - 8) + 12 + -4.
43
What is the value of 154 + -24 + -121 - 71?
-62
Calculate ((-24 - -43) + 8 - 19 - -2) + 1 + -114.
-103
What is the value of -27 + 88 + 63 + -54?
70
Calculate -32 + 9 - (-7 + 3 + -12 + 3).
-10
What is 1 + 1 - 6 - ((-17 - -16) + -18) - 3?
12
Calculate (13 - (-6 + 13 + 34 + -38)) + -80.
-70
142 - ((4 - -135) + -15)
18
Calculate 31 + (1 - (43 - 21)) + -29.
-19
What is the v